316 + g + 321 + 313 - 1273. Calculate x(y).
7
Let r(l) = 19*l + 209 - 148 + 168 + 19*l - 43*l. Calculate r(44).
9
Let m(g) = -g**3 + 4*g**2 + g - 4. Let a be m(4). Suppose 0 = -4*c + 86 - 70. Suppose c*t + 27 - 7 = a. Let p(v) = -v**3 - 5*v**2 + v + 7. What is p(t)?
2
Let g(r) be the first derivative of 19*r**4/4 + 2*r**3/3 - 3*r**2/2 + 1469. What is g(1)?
18
Let r(z) be the first derivative of -z**3/3 + z**2/2 + 2*z + 57. Let d(p) = p**3 + 4*p**2 + 5*p + 2. Let h be d(-3). Let k = h - -2. Determine r(k).
-4
Let b(s) be the third derivative of -20*s**2 + 11/24*s**4 + 2*s**3 + 0 + 0*s + 1/60*s**5. Calculate b(-9).
-6
Let s(d) = 53*d + 63. Let i be s(-1). Let o(w) = 4*w + 11. Let b(g) = -12*g - 33. Let x(m) = -2*b(m) - 7*o(m). Calculate x(i).
-51
Let h(k) = -2*k - 6. Let x be h(-6). Let d = 12 - x. Let c(m) be the first derivative of -m**3/3 + 2*m**2 + 7*m - 1. Determine c(d).
-5
Let i be (17/2)/(338/676). Let a(q) = -2*q**2 + 33*q + 25. Determine a(i).
8
Let y(v) = v - 2. Let f be y(6). Let n(m) = 13 + 7 - 30 + f*m + 11. Determine n(-4).
-15
Let c(w) = 12 + 11*w**2 + 40*w**3 - 74*w**3 + 10*w + 33*w**3. Determine c(12).
-12
Let p(d) = -910 + 936 - 10*d - 25*d + 3*d**2 + 2*d**2. Determine p(6).
-4
Let g(f) = 19*f + 15. Let y(r) = 36*r + 32. Let z(b) = -5*g(b) + 3*y(b). Let w(n) = 7*n + 12. Let t(v) = -11*w(v) + 6*z(v). What is t(9)?
3
Let p(l) = 53*l**2 + l**2 - 18*l**2 + 3 + 10*l**2 + 7*l - 2*l. Give p(-1).
44
Let o be (12/8)/((-1)/4). Let j(v) = -5*v**2 - 4*v + 29. Let i(x) = 19*x**2 + 16*x - 110. Let r(z) = -4*i(z) - 15*j(z). Give r(o).
-7
Let t(d) = d**3 + d**2 - 4*d - 4. Let x(m) = -101 + 8*m - 2*m + 7*m - 2*m. Let n be x(9). Give t(n).
0
Let p(v) = 473*v - 2 - 465*v + 6 + 8*v**2 + v**3. Let f be (-20)/(-30) + 152/6. Let d = f + -33. What is p(d)?
-3
Let g(t) = 1. Let c(o) = -o - 4. Let i(z) = c(z) - g(z). Let r be 12 + (-15)/5 + -12. Give i(r).
-2
Let w(m) = -54*m - 245620 - 14*m + 10*m + 245974. Give w(6).
6
Let k(x) = 6*x. Suppose 17*q + 24 = 11*q. Let w be ((-1144)/78)/(q/18). Let s be (-4)/6 - (-110)/w. Determine k(s).
6
Let p = 75 - 78. Let l be 6/9*p - (-4 + -2). Let f be (l*9/(-42))/((-3)/14). Let w(o) = -o**2 + 3*o + 4. Determine w(f).
0
Let p(h) = h - 4. Let y be 32 + 1 - (2 - 2). Let a(u) = y - 12*u + u**2 + 6*u**2 + 2*u**2 - 10*u**2. Let j be a(-14). Give p(j).
1
Let g be 18/(-171) - 845/95. Let h(w) be the second derivative of -w**3/6 - 3*w**2 + 315*w. Give h(g).
3
Suppose 74*f = 72*f + 6. Let h be (-8)/(-12)*(-15 - 3)/f. Let c(x) = -1 + 1 - x**3 - 2*x**2 - 2 + 5*x. Calculate c(h).
10
Let b(r) be the second derivative of -r**4/12 - 19*r**2/2 + 2*r - 1630. Calculate b(0).
-19
Let m(t) = 53*t + 162. Suppose 4*i = 2*h - 2, -4*h + i + 3 = 13. What is m(h)?
3
Let z be -46 + 38 + 2/((-1)/(-1)). Let t(y) be the first derivative of y**3/3 + 3*y**2 - 6*y + 143. Give t(z).
-6
Let v(h) = -2*h - 10. Let i be (10/2)/((-7)/(-70)). Suppose 0 = -9*p - 22 - i. Determine v(p).
6
Let u(w) = w**2 + 10*w + 31. Suppose 2934*l - 108 = 2953*l + 44. Calculate u(l).
15
Suppose 0 = 4*r - 3*r. Let u(s) be the second derivative of -s**5/20 + s**4/12 - 6*s**2 + 17373*s - 3. Determine u(r).
-12
Let q(i) be the third derivative of -i**5/60 + 13*i**4/24 - 19*i**3/6 + 859*i**2. What is q(7)?
23
Let j(b) = -6*b + 2. Suppose -5*h + p - 59 = -3*h, -3*h = 3*p + 93. Suppose 2*r = -2*r + 132. Let q = r + h. Give j(q).
-16
Let u(d) be the first derivative of d**3/3 - 6*d**2 + 5*d - 1095. Calculate u(7).
-30
Let t = -512 + 521. Let s(p) = -12*p**2 - 1 - t*p + 21*p**2 - 8*p**2 - 7 + 5*p. What is s(7)?
13
Let j(f) be the first derivative of f**4/2 - f**3 + 5*f**2/2 - 8*f + 3262. Give j(2).
6
Let l(i) be the second derivative of -i**5/5 - i**4/2 - 5*i**3/6 + 2*i**2 - 1381*i + 2. Calculate l(-2).
22
Let l(p) = -133*p**3 + 46*p**3 + 50*p**3 - p + 44*p**3. Determine l(1).
6
Let h(v) = v**2 - 4*v - 7. Let o be 15 + 0 + 1 + 0/13. Suppose 0 = -5*b - 10, j + 3*b = 3*j - o. Calculate h(j).
-2
Let i(o) = 457*o**2 + 112 - 456*o**2 + 11 - 195*o - 23 + 224*o. What is i(-25)?
0
Let g(t) = t**3 + 11*t**2 - 11*t + 14. Let c be g(-12). Let o be (-5)/((-110)/4) + (-210)/(-55). Let k(n) = o*n + 44 - 45 - 6*n. Give k(c).
-5
Let c(i) be the third derivative of -67*i**4/24 + 469*i**3/6 + 4467*i**2. Give c(7).
0
Let v(o) = 4*o + 2 - 4*o + 6*o + o**2. Let h(f) = -6*f - 87. Let m be h(-15). Suppose 4*n - 4*r + 16 = 0, 8*r - 5 = 2*n + m*r. What is v(n)?
-3
Let p(a) be the second derivative of 25*a + 0 - 10/3*a**3 - 1/2*a**2. Let u be -1 - -1 - ((-9)/3 + 4). Give p(u).
19
Let n(t) = t**2 + 22*t - 51. Let u(q) = -2*q**2 - 45*q + 101. Let m(k) = -13*n(k) - 6*u(k). What is m(-19)?
0
Suppose 0 = -3*h + 2*a + 24017, -4*a = -5*h - 3*a + 40019. Let p(y) = -5 - 8002*y + h*y + 0. What is p(7)?
2
Let o = 176 + -174. Let n(s) = 26*s + 21*s + s**o + 6 - 53*s. Determine n(4).
-2
Let f be 5 - -7*3/(-7). Let g(p) be the first derivative of p**4/4 - 2*p**3/3 + 3*p**2/2 - 3. Give g(f).
6
Suppose 0 = 95*c - 76*c - 19. Let k(q) = 18*q**2 + 13*q**2 + 4*q - c - 34*q**2 + 1. What is k(4)?
-32
Suppose -7*d = -0*d - 14. Let k be d*(-4)/(-16)*-62. Let x = 28 + k. Let g(r) = r**3 + 5*r**2 + 4*r + 4. Give g(x).
10
Let c(w) = w**2 - 8*w - 7. Suppose 0 = 2*v - 2*m - 594, 5*v - 3*m + 8*m = 1475. Let a = v + -287. Give c(a).
2
Let g(n) be the first derivative of -n**4/4 - 5*n**3/3 + 18*n**2 - 25*n - 5773. What is g(-9)?
-25
Let w(g) = -g**2 - g - 2. Suppose -40 = -4*x - 6*x. Suppose 2*o - y - 19 = -3, 4*o = x*y + 36. Let d(a) = -10*a + 70. Let t be d(o). Give w(t).
-2
Let k be (-1)/(-8) - (-123)/(-24). Suppose 15*n - 35 = -140. Let v(y) = -5*y + 19. Let h(a) = 3*a - 10. Let d(i) = n*h(i) - 4*v(i). Give d(k).
-1
Let n(l) = l**3 - 7*l**2 - 5*l + 68. Let w be n(6). Suppose 0 = t - 2*g + 5, w*t - 4*g + 2*g + 2 = 0. Let j(a) = -a**3 + 2*a**2 + 4*a + 1. Determine j(t).
4
Let m(l) be the third derivative of l**4/4 - 40*l**3 - 4*l**2 - 158*l. What is m(40)?
0
Let w(z) be the first derivative of 3*z**2/2 - 6*z - 3. Let t = -5 - -5. Suppose 4*l = -t*l + 16. What is w(l)?
6
Let h(t) be the first derivative of t**2 - 27*t - 11. Let k be h(16). Let y(w) = k*w + 7 - 190*w**2 + 374*w**2 - 185*w**2. Give y(7).
-7
Let j(p) = 2*p**2 + 1. Let o be j(1). Suppose 5*z = t - 17, -5*t + o*z = -0*z + 3. Let f(m) be the first derivative of m**3/3 + m**2/2 - 44. Give f(t).
6
Let m(u) = 4*u - 57. Let c be (-20904)/(-1482) + 8/(-76). Give m(c).
-1
Let j(w) = -2*w**3 + 7*w**2 - 15*w - 4. Let v be (3630/(-45))/(-22) + 4/(-6). What is j(v)?
-40
Let l(u) = -u**3 - 16*u**2 - u - 28. Let t(y) = 25*y - 891. Let v be t(35). Give l(v).
-12
Suppose 2*a + 96 = 4*r, r - 6*a + 2*a = 38. Let l(x) = -x**2 - 9 + 4*x - r*x + 13*x. Let n(h) = -h - 6. Let u be n(0). What is l(u)?
-15
Let p(d) = -d**2 + 24*d + 34. Let u be 2 - (-44)/12*6. Give p(u).
34
Let a(h) = h**2 - h - 6. Let t be 84/2*(15/(-10) - -2). Suppose -11*f = -t*f + 7*f. Give a(f).
-6
Let d(w) be the first derivative of w**2 + 24. Suppose 68 = 3*a - 0*a + l, 0 = 5*l - 10. Let c = a - 16. Determine d(c).
12
Suppose -5*m - 241*z = -245*z + 33, 3 = -m + 2*z. Let g(c) = -c**2 + c + 24. Give g(m).
-66
Let f(d) be the second derivative of d**4/12 - 4*d**3/3 + 4*d**2 + 23*d - 89. Calculate f(-6).
92
Let f(x) = -2174*x**2 + 4364*x**2 + 0*x**3 + x**3 - 2183*x**2. Suppose -2*k - 24 = 4*i, 2*i + 1 + 35 = -5*k. Calculate f(k).
36
Let q = 16 - 14. Let u(v) = 4 + v - 10 - v + 8*v - 2*v**q. Let g be u(3). Let i(r) = r + 2. Calculate i(g).
2
Let x(p) = p**2 - 6*p - 7. Let f(l) = l**3 - 8*l**2 - 9*l - 7. Let r be f(9). Let t(s) = s**3 + 7*s**2 - 4*s + 8. Let c be t(r). Let b = 42 - c. Calculate x(b).
-7
Suppose -225 = -4*d - 213. Let w(f) = 1935 - f**2 - 2*f - 1926 + d*f. What is w(3)?
3
Let q(s) be the second derivative of 1/12*s**4 - 1/30*s**5 + 0*s**3 + 0*s**2 + 0 - 7*s + 1/720*s**6. Let r(n) be the third derivative of q(n). Give r(-3).
-7
Let b(q) be the first derivative of q**2/2 - 2*q + 400. Let i(n) = n - 17. Suppose -d + 2*a = -11, 5*d - a + 5*a - 27 = 0. Let w be i(d). Calculate b(w).
-12
Let d(o) = o - 10. Let f be d(5). Let n(b) = 23. Let w(q) = q**2 - 3*q - 119. Let j(v) = 5*n(v) + w(v). What is j(f)?
36
Let r(d) = 2*d**2 - 16*d + 1. Let n(c) = c**3 - 12*c**2 - 63*c + 658. Let j be n(13). Calculate r(j).
1
Let z(